{"id":7871,"date":"2026-04-01T16:52:45","date_gmt":"2026-04-01T14:52:45","guid":{"rendered":"https:\/\/pause-cbd.fr\/blog\/?page_id=7871"},"modified":"2026-04-01T16:52:45","modified_gmt":"2026-04-01T14:52:45","slug":"lexique","status":"publish","type":"page","link":"https:\/\/pause-cbd.fr\/blog\/lexique\/","title":{"rendered":"Lexique"},"content":{"rendered":"<p>Lexique<br \/>\nC<br \/>\nCannabidiol (CBD) : mol\u00e9cule non psychoactive extraite du chanvre, aux propri\u00e9t\u00e9s anxiolytiques, anti-inflammatoires et relaxantes \u00e9tudi\u00e9es par la recherche scientifique.<br \/>\nCannabino\u00efde : famille de mol\u00e9cules actives pr\u00e9sentes dans le cannabis (CBD, THC, CBG\u2026) interagissant avec les r\u00e9cepteurs du syst\u00e8me endocannabino\u00efde du corps humain.<br \/>\nD<br \/>\nDosage : quantit\u00e9 de CBD recommand\u00e9e selon le mode de consommation, le poids de la personne et l&rsquo;objectif vis\u00e9 (relaxation, douleur, sommeil).<br \/>\nE<br \/>\nEndocannabino\u00efde (syst\u00e8me) : r\u00e9seau de r\u00e9cepteurs pr\u00e9sents dans le syst\u00e8me nerveux central et p\u00e9riph\u00e9rique, r\u00e9gulant de nombreuses fonctions physiologiques (douleur, humeur, sommeil, app\u00e9tit).<br \/>\nH<br \/>\nHuile de CBD : extrait de chanvre dilu\u00e9 dans une huile porteuse (chanvre, MCT), administr\u00e9 en gouttes sublingales pour une absorption rapide.<br \/>\nT<br \/>\nTHC (T\u00e9trahydrocannabinol) : principal cannabino\u00efde psychoactif du cannabis, responsable des effets euphorisants, interdit au-dessus de 0,3 % dans les produits CBD en France.<\/p>\n","protected":false},"excerpt":{"rendered":"","protected":false},"author":34,"featured_media":0,"parent":0,"menu_order":0,"comment_status":"closed","ping_status":"closed","template":"","meta":{"_acf_changed":false,"manual_indexmenow":false,"indexmenow_id_project":0,"footnotes":""},"class_list":["post-7871","page","type-page","status-publish"],"acf":[],"yoast_head":"<!-- This site is optimized with the Yoast SEO Premium plugin v21.3 (Yoast SEO v26.5) - https:\/\/yoast.com\/wordpress\/plugins\/seo\/ -->\n<title>Lexique<\/title>\n<meta name=\"description\" content=\"Lexique C Cannabidiol (CBD) : mol\u00e9cule non psychoactive extraite du chanvre, aux propri\u00e9t\u00e9s anxiolytiques, anti-inflammatoires et relaxantes \u00e9tudi\u00e9es par\" \/>\n<meta name=\"robots\" content=\"index, follow, max-snippet:-1, max-image-preview:large, max-video-preview:-1\" \/>\n<link rel=\"canonical\" href=\"https:\/\/pause-cbd.fr\/blog\/lexique\/\" \/>\n<meta property=\"og:locale\" content=\"fr_FR\" \/>\n<meta property=\"og:type\" content=\"article\" \/>\n<meta property=\"og:title\" content=\"Lexique\" \/>\n<meta property=\"og:description\" content=\"Lexique C Cannabidiol (CBD) : mol\u00e9cule non psychoactive extraite du chanvre, aux propri\u00e9t\u00e9s anxiolytiques, anti-inflammatoires et relaxantes \u00e9tudi\u00e9es par\" \/>\n<meta property=\"og:url\" content=\"https:\/\/pause-cbd.fr\/blog\/lexique\/\" \/>\n<meta property=\"og:site_name\" content=\"pause-cbd\" \/>\n<meta name=\"twitter:card\" content=\"summary_large_image\" \/>\n<script type=\"application\/ld+json\" class=\"yoast-schema-graph\">{\"@context\":\"https:\/\/schema.org\",\"@graph\":[{\"@type\":\"WebPage\",\"@id\":\"https:\/\/pause-cbd.fr\/blog\/lexique\/\",\"url\":\"https:\/\/pause-cbd.fr\/blog\/lexique\/\",\"name\":\"Lexique\",\"isPartOf\":{\"@id\":\"https:\/\/pause-cbd.fr\/blog\/#website\"},\"datePublished\":\"2026-04-01T14:52:45+00:00\",\"description\":\"Lexique C Cannabidiol (CBD) : mol\u00e9cule non psychoactive extraite du chanvre, aux propri\u00e9t\u00e9s anxiolytiques, anti-inflammatoires et relaxantes \u00e9tudi\u00e9es par\",\"inLanguage\":\"fr-FR\",\"potentialAction\":[{\"@type\":\"ReadAction\",\"target\":[\"https:\/\/pause-cbd.fr\/blog\/lexique\/\"]}]},{\"@type\":\"WebSite\",\"@id\":\"https:\/\/pause-cbd.fr\/blog\/#website\",\"url\":\"https:\/\/pause-cbd.fr\/blog\/\",\"name\":\"pause-cbd.fr\",\"description\":\"Pause CBD, l&#039;instant d\u00e9tente naturel\",\"publisher\":{\"@id\":\"https:\/\/pause-cbd.fr\/blog\/#organization\"},\"alternateName\":\"Pause CBD, l'instant d\u00e9tente naturel\",\"potentialAction\":[{\"@type\":\"SearchAction\",\"target\":{\"@type\":\"EntryPoint\",\"urlTemplate\":\"https:\/\/pause-cbd.fr\/blog\/?s={search_term_string}\"},\"query-input\":{\"@type\":\"PropertyValueSpecification\",\"valueRequired\":true,\"valueName\":\"search_term_string\"}}],\"inLanguage\":\"fr-FR\"},{\"@type\":\"Organization\",\"@id\":\"https:\/\/pause-cbd.fr\/blog\/#organization\",\"name\":\"Foretsensations.fr\",\"url\":\"https:\/\/pause-cbd.fr\/blog\/\",\"logo\":{\"@type\":\"ImageObject\",\"inLanguage\":\"fr-FR\",\"@id\":\"https:\/\/pause-cbd.fr\/blog\/#\/schema\/logo\/image\/\",\"url\":\"https:\/\/pause-cbd.fr\/blog\/wp-content\/uploads\/2024\/12\/pausecbd.png\",\"contentUrl\":\"https:\/\/pause-cbd.fr\/blog\/wp-content\/uploads\/2024\/12\/pausecbd.png\",\"width\":500,\"height\":500,\"caption\":\"Foretsensations.fr\"},\"image\":{\"@id\":\"https:\/\/pause-cbd.fr\/blog\/#\/schema\/logo\/image\/\"}}]}<\/script>\n<!-- \/ Yoast SEO Premium plugin. -->","yoast_head_json":{"title":"Lexique","description":"Lexique C Cannabidiol (CBD) : mol\u00e9cule non psychoactive extraite du chanvre, aux propri\u00e9t\u00e9s anxiolytiques, anti-inflammatoires et relaxantes \u00e9tudi\u00e9es par","robots":{"index":"index","follow":"follow","max-snippet":"max-snippet:-1","max-image-preview":"max-image-preview:large","max-video-preview":"max-video-preview:-1"},"canonical":"https:\/\/pause-cbd.fr\/blog\/lexique\/","og_locale":"fr_FR","og_type":"article","og_title":"Lexique","og_description":"Lexique C Cannabidiol (CBD) : mol\u00e9cule non psychoactive extraite du chanvre, aux propri\u00e9t\u00e9s anxiolytiques, anti-inflammatoires et relaxantes \u00e9tudi\u00e9es par","og_url":"https:\/\/pause-cbd.fr\/blog\/lexique\/","og_site_name":"pause-cbd","twitter_card":"summary_large_image","schema":{"@context":"https:\/\/schema.org","@graph":[{"@type":"WebPage","@id":"https:\/\/pause-cbd.fr\/blog\/lexique\/","url":"https:\/\/pause-cbd.fr\/blog\/lexique\/","name":"Lexique","isPartOf":{"@id":"https:\/\/pause-cbd.fr\/blog\/#website"},"datePublished":"2026-04-01T14:52:45+00:00","description":"Lexique C Cannabidiol (CBD) : mol\u00e9cule non psychoactive extraite du chanvre, aux propri\u00e9t\u00e9s anxiolytiques, anti-inflammatoires et relaxantes \u00e9tudi\u00e9es par","inLanguage":"fr-FR","potentialAction":[{"@type":"ReadAction","target":["https:\/\/pause-cbd.fr\/blog\/lexique\/"]}]},{"@type":"WebSite","@id":"https:\/\/pause-cbd.fr\/blog\/#website","url":"https:\/\/pause-cbd.fr\/blog\/","name":"pause-cbd.fr","description":"Pause CBD, l&#039;instant d\u00e9tente naturel","publisher":{"@id":"https:\/\/pause-cbd.fr\/blog\/#organization"},"alternateName":"Pause CBD, l'instant d\u00e9tente naturel","potentialAction":[{"@type":"SearchAction","target":{"@type":"EntryPoint","urlTemplate":"https:\/\/pause-cbd.fr\/blog\/?s={search_term_string}"},"query-input":{"@type":"PropertyValueSpecification","valueRequired":true,"valueName":"search_term_string"}}],"inLanguage":"fr-FR"},{"@type":"Organization","@id":"https:\/\/pause-cbd.fr\/blog\/#organization","name":"Foretsensations.fr","url":"https:\/\/pause-cbd.fr\/blog\/","logo":{"@type":"ImageObject","inLanguage":"fr-FR","@id":"https:\/\/pause-cbd.fr\/blog\/#\/schema\/logo\/image\/","url":"https:\/\/pause-cbd.fr\/blog\/wp-content\/uploads\/2024\/12\/pausecbd.png","contentUrl":"https:\/\/pause-cbd.fr\/blog\/wp-content\/uploads\/2024\/12\/pausecbd.png","width":500,"height":500,"caption":"Foretsensations.fr"},"image":{"@id":"https:\/\/pause-cbd.fr\/blog\/#\/schema\/logo\/image\/"}}]}},"_links":{"self":[{"href":"https:\/\/pause-cbd.fr\/blog\/wp-json\/wp\/v2\/pages\/7871","targetHints":{"allow":["GET"]}}],"collection":[{"href":"https:\/\/pause-cbd.fr\/blog\/wp-json\/wp\/v2\/pages"}],"about":[{"href":"https:\/\/pause-cbd.fr\/blog\/wp-json\/wp\/v2\/types\/page"}],"author":[{"embeddable":true,"href":"https:\/\/pause-cbd.fr\/blog\/wp-json\/wp\/v2\/users\/34"}],"replies":[{"embeddable":true,"href":"https:\/\/pause-cbd.fr\/blog\/wp-json\/wp\/v2\/comments?post=7871"}],"version-history":[{"count":1,"href":"https:\/\/pause-cbd.fr\/blog\/wp-json\/wp\/v2\/pages\/7871\/revisions"}],"predecessor-version":[{"id":7873,"href":"https:\/\/pause-cbd.fr\/blog\/wp-json\/wp\/v2\/pages\/7871\/revisions\/7873"}],"wp:attachment":[{"href":"https:\/\/pause-cbd.fr\/blog\/wp-json\/wp\/v2\/media?parent=7871"}],"curies":[{"name":"wp","href":"https:\/\/api.w.org\/{rel}","templated":true}]}}